152017 composite?
False
Is 232391 composite?
False
Is 30398 a composite number?
True
Is 3163 a prime number?
True
Is 727229 a composite number?
True
Is 43315 composite?
True
Is 31121 composite?
False
Is 16111 a prime number?
True
Is 4113743 prime?
True
Is 11989 a composite number?
True
Is 16741 composite?
False
Is 7411 prime?
True
Is 351527 a composite number?
True
Is 80513 a prime number?
True
Is 328385 a prime number?
False
Is 332077 composite?
True
Is 14657 prime?
True
Is 4751 a prime number?
True
Is 698521 a composite number?
False
Is 61853 a prime number?
False
Is 4283 prime?
True
Is 5897 a composite number?
False
Is 2846 a composite number?
True
Is 347929 a composite number?
False
Is 7855 a composite number?
True
Is 7283 composite?
False
Is 5939 prime?
True
Is 15821 a composite number?
True
Is 41771 a prime number?
True
Is 20849 a prime number?
True
Is 259801 a prime number?
True
Is 4039 a prime number?
False
Is 629 a prime number?
False
Is 1528957 composite?
True
Is 55649 a prime number?
False
Is 265933 composite?
True
Is 54709 a prime number?
True
Is 879311 a composite number?
True
Is 200401 prime?
True
Is 45761 a prime number?
False
Is 48427 prime?
False
Is 46301 composite?
False
Is 43739 prime?
False
Is 437623 a prime number?
False
Is 44791 prime?
False
Is 285955 composite?
True
Is 43391 a composite number?
False
Is 6098 a composite number?
True
Is 124717 a prime number?
True
Is 25399 a composite number?
True
Is 899309 prime?
True
Is 44903 composite?
True
Is 563099 prime?
True
Is 1615683 prime?
False
Is 635907 prime?
False
Is 3643 composite?
False
Is 153641 a prime number?
True
Is 522771 composite?
True
Is 27127 a prime number?
True
Is 1571 a composite number?
False
Is 2954117 composite?
True
Is 18429 a prime number?
False
Is 1031 a prime number?
True
Is 71705 prime?
False
Is 687623 prime?
True
Is 27479 a prime number?
True
Is 313423 prime?
False
Is 34807 a prime number?
True
Is 157867 a prime number?
True
Is 5813 composite?
False
Is 52951 composite?
False
Is 824413 a prime number?
True
Is 5513 composite?
True
Is 35797 prime?
True
Is 7403 prime?
False
Is 46873 prime?
False
Is 6947 a composite number?
False
Is 1803821 a composite number?
True
Is 1543 a prime number?
True
Is 3691 composite?
False
Is 79889 a prime number?
True
Is 36503 composite?
True
Is 3907 composite?
False
Is 88379 prime?
True
Is 39647 composite?
True
Is 172643 a composite number?
False
Is 546911 a composite number?
True
Is 1719001 a prime number?
True
Is 769 a composite number?
False
Is 231779 a composite number?
False
Is 213383 a composite number?
False
Is 68329 prime?
True
Is 267661 a composite number?
False
Is 452593 prime?
False
Is 23659 prime?
False
Is 29053 prime?
False
Is 43141 composite?
True
Is 5179 a prime number?
True
Is 3845 prime?
False
Is 289241 prime?
True
Is 6326 prime?
False
Is 10661 prime?
False
Is 5155 prime?
False
Is 2746 composite?
True
Is 119207 a prime number?
False
Is 175233 composite?
True
Is 229135 prime?
False
Is 148481 composite?
True
Is 6185 composite?
True
Is 3761 prime?
True
Is 1785227 a composite number?
False
Is 1214 a composite number?
True
Is 127615 a prime number?
False
Is 4349 composite?
False
Is 535391 a prime number?
True
Is 18263 composite?
True
Is 127707 a composite number?
True
Is 666177 a prime number?
False
Is 929 prime?
True
Is 284777 a prime number?
True
Is 275259 a composite number?
True
Is 82247 prime?
False
Is 274385 prime?
False
Is 139817 a composite number?
True
Is 442253 a composite number?
True
Is 43297 a prime number?
False
Is 235987 prime?
False
Is 212147 a prime number?
False
Is 4421 a composite number?
False
Is 611678 a prime number?
False
Is 126583 a prime number?
True
Is 188321 a prime number?
False
Is 98677 a composite number?
True
Is 1227 composite?
True
Is 75353 a composite number?
False
Is 51449 composite?
False
Is 154109 prime?
False
Is 2016787 prime?
True
Is 16333 composite?
False
Is 38791 a composite number?
False
Is 6143 prime?
True
Is 253133 prime?
True
Is 893137 a composite number?
True
Is 2171 a prime number?
False
Is 498851 a composite number?
True
Is 200399 composite?
True
Is 853869 composite?
True
Is 1003 a prime number?
False
Is 2148863 composite?
False
Is 3409 prime?
False
Is 64102 composite?
True
Is 264457 a prime number?
False
Is 7167 composite?
True
Is 2513309 composite?
False
Is 2199 a prime number?
False
Is 5297 a prime number?
True
Is 1059209 prime?
True
Is 254537 a prime number?
True
Is 340241 a composite number?
True
Is 5873 composite?
True
Is 11863 composite?
False
Is 28447 composite?
False
Is 68207 a prime number?
True
Is 9719 a prime number?
True
Is 148043 composite?
True
Is 83253 a composite number?
True
Is 186137 a composite number?
True
Is 91765 a prime number?
False
Is 980371 prime?
False
Is 147161 prime?
False
Is 1931 a prime number?
True
Is 63059 a composite number?
False
Is 2249 prime?
False
Is 52289 composite?
False
Is 17827 prime?
True
Is 8951 a prime number?
True
Is 2960101 composite?
False
Is 26997 composite?
True
Is 97711 a composite number?
False
Is 15053 composite?
False
Is 52347 a prime number?
False
Is 5027513 prime?
False
Is 37397 prime?
True
Is 525641 a prime number?
True
Is 482179 prime?
True
Is 90614 composite?
True
Is 382 composite?
True
Is 4499 a prime number?
False
Is 192571 composite?
False
Is 816079 prime?
False
Is 49277 composite?
False
Is 56569 a composite number?
False
Is 281217 prime?
False
Is 37487 a composite number?
True
Is 118831 prime?
True
Is 20518 a prime number?
False
Is 135131 composite?
False
Is 133769 a composite number?
False
Is 1651 a composite number?
True
Is 1076893 prime?
True
Is 839 composite?
False
Is 59519 a prime number?
False
Is 231491 a composite number?
True
Is 6053 a prime number?
True
Is 12941 prime?
True
Is 17623 composite?
False
Is 14143 composite?
False
Is 6029 composite?
False
Is 39503 a composite number?
False
Is 715267 composite?
True
Is 8813 composite?
True
Is 110527 a composite number?
False
Is 12149 prime?
True
Is 67121 prime?
True
Is 2187697 composite?
False
Is 239929 prime?
True
Is 37 a composite number?
False
Is 4637 a composite number?
False
Is 683069 composite?
True
Is 146123 a prime number?
False
Is 155399 prime?
True
Is 4679 a prime number?
True
Is 190979 a composite number?
False
Is 283793 prime?
True
Is 53147 prime?
True
Is 261191 a composite number?
True
Is 28777 a prime number?
False
Is 1931917 a prime number?
False
Is 45949 a prime number?
True
Is 1543 a prime number?
True
Is 15871 a prime number?
False
Is 62383 a composite number?
False
Is 169709 a composite number?
False
Is 3190301 composite?
False
Is 131357 prime?
True
Is 345473 a prime number?
True
Is 23971 prime?
True
Is 7897 a composite number?
True
Is 70259 prime?
False
Is 263 a composite number?
False
Is 42641 a prime number?
True
Is 1249 prime?
True
Is 1868807 a prime number?
True
Is 174403 a composite number?
True
Is 70253 a composite number?
True
Is 122893 composite?
True
Is 407897 a composite number?
True
Is 127781 composite?
False
Is 827941 a composite number?
False
Is 484867 a prime number?
True
Is 34841 a composite number?
False
Is 130081 prime?
False
Is 95453 composite?
True
Is 290471 composite?
False
Is 897931 a composite number?
False
Is 85741 a composite number?
True
Is 1208189 a prime number?
True
Is 58379 prime?
True
Is 20245 composite?
True
Is 525781 prime?
True
Is 8923 composite?
False
Is 147769 a composite number?
False
Is 5017 prime?
False
Is 5062 prime?
False
Is 1900081 a composite number?
True
Is 6737 composite?
False
Is 2708447 prime?
False
Is 77555 a prime number?
False
Is 97103 composite?
False
Is 364345 composite?
True
Is 129341 composite?
False
Is 18347 prime?
False
Is 112937 a prime number?
False
Is 183423 prime?
False
Is 110185 a composite number?
True
Is 2962 a prime number?
False
Is 46301 prime?
True
Is 39019 prime?
True
Is 26969 a prime number?
False
Is 64849 composite?
False
Is 59105 a composite number?
True
Is 87719 composite?
False
Is 4151 a composite number?
True
Is 1277 composite?
False
Is 449849 prime?
False
Is 564089 a prime number?
True
Is 5669 a composite number?
False
Is 47327 composite?
True
Is 120551 a prime number?
True
Is 5581 a composite number?
False
Is 2479 prime?
False
Is 278413 a prime number?
True